 be (-3 - -5) + -3 + v + -1. Let w(f) = -5*f**2 + f. Determine w(h).
-6
Let k(z) be the first derivative of z**2 - 7*z + 1987. Let r = 0 - -6. Calculate k(r).
5
Suppose 0 = -10*j + 14*j - 16. Suppose 3*m + 10 = o + j*o, -3*o + 4*m = -6. Let c(a) = -2*a**2 + 2*a - 1. Determine c(o).
-5
Let y(u) = -u**2 - 45*u + 426. Let a be y(8). Let l(t) = -3 + t + 0 + 5*t. Calculate l(a).
9
Suppose 3*b - 4*b = -4*q - 129, 42 = -2*q - 4*b. Let l = -29 - q. Let g(o) = -1 - 7*o + o**3 - l*o**2 - 3 + 10 - 3*o**2. Determine g(6).
0
Suppose 0 = 63*p - 50*p - 52. Suppose 0 = 2*r + 3 - 11. Let j(d) = 5*d - 2*d**2 - 3*d - 5 + 3 + r*d. Determine j(p).
-10
Let n(u) be the third derivative of -u**8/20160 - u**7/2520 + u**6/180 + 7*u**5/60 - 41*u**2. Let j(o) be the third derivative of n(o). Give j(-4).
-4
Let x(q) = -12*q**3 + q + 1. Suppose -7*c + 2*c + 4*s = -45, c + 20 = -5*s. Suppose 2*o - 7*o = c. Give x(o).
12
Let r(m) = 7 + 7 - 33 + 80*m - 26. Let h(g) = 9*g - 5. Let t(l) = -35*h(l) + 4*r(l). Calculate t(5).
20
Suppose 2*d - 89 = -77. Let g(h) = h**3 - 5*h**2 - h + 4. Let p(w) = w**2 + 0*w**2 + 4 - 3. Let b(t) = d*p(t) + g(t). What is b(0)?
10
Let s(m) = -14*m + 749. Let o be s(53). Let x(h) = -1 + 0 - 9*h + h**2 - 3. Give x(o).
-18
Let n = -341 + 332. Let u(o) = -o**2 - 9*o - 5. Determine u(n).
-5
Let g(a) be the second derivative of a**3/6 - a**2 - 3*a. Let s(d) = -d**2 + 6*d - 3. Let l be s(2). Suppose -k = l*x - 0*k - 19, -x + 19 = 4*k. Determine g(x).
1
Let x = 7 - 9. Let s(p) be the third derivative of p**6/72 + p**5/40 + 5*p**3/6 + p**2. Let v(d) be the first derivative of s(d). Calculate v(x).
14
Let j(p) = 3*p + 4. Suppose 40 = 5*i - 15*i. What is j(i)?
-8
Let y(n) = n - 1. Let r(h) = h - 2. Let q = -12 + 14. Let m(l) = q*y(l) - 3*r(l). What is m(6)?
-2
Let s(m) = -m**3 + 9*m**2 + 8*m + 1. Let d(j) = 2 + j**2 - 25*j**3 - 26*j**3 + 49*j**3 + 9*j + 9*j**2. Let n(t) = -2*d(t) + 3*s(t). Determine n(-6).
-1
Let q(n) = n**3 + 23*n**2 + 3*n - 2. Let v(l) = -2*l**3 - 43*l**2 - 6*l + 4. Let o(r) = 11*q(r) + 6*v(r). Calculate o(-4).
-2
Let r(q) = -q**3 - 5*q**2 - 2*q + 3. Let x(g) = 157 - 201 + 0*g + 2*g. Let z be x(20). Calculate r(z).
-5
Let j be ((-4)/6)/(8/60). Let c = j + 8. Suppose -c = -5*y + 22. Let p(x) = -x**2 + 6*x - 6. What is p(y)?
-1
Let o(n) = 1 - 42*n - n**2 - 9 + n**3 + 23*n + 18*n. Suppose 4*k + a = -a, 6*a = 2*a. Give o(k).
-8
Let f(p) be the first derivative of -p**2 - 3*p - 331. Let v(m) = -m**2 + 4*m - 4. Let z be v(4). Give f(z).
5
Let n(w) = -13*w. Let p be (2 - 5)*-1*-1. Let c(z) = 12*z. Let g(f) = p*n(f) - 2*c(f). Let o be 35/7 + 3 - 7. What is g(o)?
15
Let y(x) = 2*x**3 - x. Let b(h) be the third derivative of h**6/40 - h**5/20 + h**4/24 - h**3/3 - 37*h**2. Let r(i) = b(i) - 2*y(i). Give r(-4).
2
Let s(q) = 38*q**2 - 3 - 39*q**2 - 3*q - 3*q + 10. Give s(-5).
12
Let u(r) = -r**3 - 5*r**2 + 4*r + 3. Suppose -2*k - 23*c - 12 = -20*c, 0 = 2*c. Calculate u(k).
15
Let z(d) be the first derivative of -4/3*d**3 - 1/2*d**4 - 12 - 3/2*d**2 + 0*d. Let m be 6/18 + (-7)/3. Calculate z(m).
6
Let b(l) be the first derivative of -l**4/4 - 8*l**3/3 - 4*l**2 + 6*l - 2. Let f(m) = m**2 - 7*m. Let h be f(6). What is b(h)?
-18
Let d = 30 + -18. Let i = d + -9. Let g be ((-2)/i)/(1/(-6)). Let v(x) = -x**2 + 2*x + 4. Give v(g).
-4
Let m = -3 + 3. Suppose 0 = -o + 5*d - 8, -2*o + m*d + 2*d = 0. Let s(x) = x**3 - 2*x + 3. Give s(o).
7
Let a(h) = -18 - 1 - h + 18. What is a(4)?
-5
Let y(o) = -12*o - 17 + 11*o + 23 + 9. Determine y(8).
7
Let o(k) = 6*k - k - 4*k - 3 + 6 + 5*k. Determine o(-5).
-27
Let z(n) = -12*n**3 + 5*n + 13*n**3 + 7*n**2 - 9*n - 6 - 2*n**3. Let s(y) be the second derivative of -5*y**3/6 + y**2/2 + y. Let t be s(-1). Calculate z(t).
6
Let u(o) = 2*o - 6*o - 2*o + 3*o - 16 + o. Determine u(-10).
4
Let b(y) = -y**2 + 28*y + 97. Let j be b(31). Let x(l) = 5*l**2 + 23*l - 17. Let d(n) = -2*n**2 - 8*n + 6. Let t(r) = -8*d(r) - 3*x(r). Determine t(j).
-1
Let x be 1*(-3 + -7)/(-2). Let d(z) = -z - x*z - z**2 + 0*z**2 + 0*z. What is d(-5)?
5
Let v(i) = 5*i**2 + 42*i + 31. Let c(t) = -4*t**2 - 39*t - 30. Let l(g) = 6*c(g) + 5*v(g). What is l(25)?
0
Let a(r) = -4*r + 0*r - r - 78 + 75. Calculate a(-2).
7
Suppose -5*s + 4*x + 3 = -0, -5*s + 3*x + 6 = 0. Suppose 6*u - t + 1 = 4*u, s*t = -2*u - 5. Let m(a) be the first derivative of 2*a**3 - a + 1. What is m(u)?
5
Let m(u) be the first derivative of u**4/4 - 8*u**3/3 + 7*u**2/2 - 7*u + 52. Determine m(7).
-7
Let x(a) be the second derivative of a**6/120 - 3*a**5/20 + 7*a**4/24 + 5*a**3/6 - 7*a**2 + a. Let q(p) be the first derivative of x(p). What is q(8)?
-3
Let o(c) = -c + 1. Let j be o(0). Suppose 0 = 3*t - p - 13, t - 4*p = -2*p + j. Let g be (2/t)/((-1)/5). Let l(i) = 5*i. Determine l(g).
-10
Let d(l) = l**2 - 20*l + 50. Let k be d(17). Let x(f) = -9*f**3 - 2*f**2 - 2*f - 1. What is x(k)?
8
Let i(m) = -m**3 + 4*m - 1. Let l be ((-6)/(-4) + -3)/(7/(-14)). What is i(l)?
-16
Let v = -285 + 280. Let r(f) = -f**3 + 8*f - 15*f + 6*f - 5*f**2. Calculate r(v).
5
Let l(t) = 6 - 2*t - 8*t + 2*t + t**2. Let p be (-2)/((-66)/9 + 7). Give l(p).
-6
Let o(j) = 7*j - 5. Let m be o(1). Suppose 16 = m*t + 18. Let g(y) = -14*y - 1. What is g(t)?
13
Let m = 1 + -7. Suppose 6 = 3*i + 2*v, 0*i + 4*i - 4*v = 8. Let r(o) = 13*o + o**i + 7 + 20*o - 24*o. Determine r(m).
-11
Let d(l) = -l**3 + 2*l**2 + 8*l + 2. Let r(b) = -b**3 + 2*b**2 + 7*b + 2. Let n(j) = -4*d(j) + 5*r(j). Determine n(3).
2
Let d(u) = -3*u**2 + 4*u - 3 + 4 + u**3 - 5 + u + 8*u**2. Suppose -2*o - 2*n + 5*n = -18, 4*o = 4*n + 28. Suppose o*b + 8 = b. Calculate d(b).
-8
Let s(a) = a**2 - 116408 - 2*a + 116408 - 4*a. Suppose q - 10 = -0*k - k, 5*k - 5*q = 10. Determine s(k).
0
Let x(i) = -i**2 + 10*i - 3. Let f = -643 - -652. Determine x(f).
6
Let r(o) = 4*o - 8. Suppose -4*l + u - 5*u = 104, 5*u = -3*l - 72. Let g = l - -35. Calculate r(g).
16
Let c = 11 + -7. Let z(f) = -c - 2 - f + 1. Suppose -16 = a + 5*p, 5*a + 2*p + 38 = 4. What is z(a)?
1
Let p be (18 + 5 - 11)/(-2 + 0). Let x(s) = -s**3 - 7*s**2 - 3*s + 7. Calculate x(p).
-11
Let o(u) = -4*u**3 - 5*u**2 + u + 4. Let v(f) = 3*f**3 + 4*f**2 - 2*f - 4. Let b(r) = 2*o(r) + 3*v(r). Give b(-3).
-1
Let c(o) = o**3 + 13*o**2 + o + 9. Let l = 70 + -83. Let w be c(l). Let q(a) = -a**2 - a - 5. What is q(w)?
-17
Let u(v) = -v**3 - 6*v**2 + 4. Suppose -5*a + 1 = -4. Suppose 2*d + a = 3*i + 10, 3*d - 2*i - 16 = 0. Suppose -16 = d*x + 20. What is u(x)?
4
Suppose 4*r = 5*i - 18, -3*i - 4*r + 30 = -0*i. Let m(b) = -b**3 + 5*b**2 + 5*b + 6. Give m(i).
0
Let u(i) = -3*i**2 - 7*i - 10. Let h = -18 + 12. Let b(g) = g**2 + 2*g + 3. Let r(p) = h*u(p) - 17*b(p). Calculate r(-8).
9
Let m(y) be the first derivative of -y**4/4 - 8*y**3/3 + 3*y**2 - 10*y - 89. Calculate m(-9).
17
Let l(t) = t**3 - 7*t**2 - 7*t - 9. Let r be l(8). Suppose -38 = p - 40. Let d(x) = 2*x**p + 4*x**2 + x**2 + x**2. Give d(r).
8
Let q be 12/21*(5 + 2). Let a be (2/(q + -6))/(-1). Let s(h) = -a + 4 - 2 + 3*h. Determine s(5).
16
Let f(o) = o**2. Let m be f(4). Suppose 2*i + 2*i - m = 0. Let s(y) be the second derivative of -2*y**3/3 + 5*y**2/2 - y. Calculate s(i).
-11
Let m(b) = -3*b**2 + 1. Let x be m(-1). Let c(q) = -2*q + 3*q + 2 - q + 4*q. Give c(x).
-6
Let c be (-3 - 59)/(2/(-2)). Let m be 6 + -2 + (-2 - 1). Let l(o) = 4*o**2 + 62*o - m - o**3 - c*o. Calculate l(3).
8
Let r(q) = q - 6. Let m(d) = -1. Let a be 0 + -1 + 3 - 1. Let o(j) = a*r(j) - 3*m(j). Determine o(9).
6
Let w(x) be the first derivative of x**3/3 - 7*x**2/2 + 814. Suppose 0 = 5*i - 80 + 20. Suppose 0 = -0*j - 2*j + i. What is w(j)?
-6
Let a be (-4)/2 + (-50)/(-10). Suppose d = 3, 2*d - 1 = -a*s + 20. Let z(c) = -3*c - 7 + 2*c + 7*c - c**2. Determine z(s).
-2
Let y(a) = a**3 + a**2 - a. Let d(r) be the first derivative of -4*r + 2*r**3 + 0*r**2 + 3/4*r**4 - 10. Let t(u) = -d(u) + 2*y(u). Give t(-3).
1
Let s be (-30)/(-12)*(-4)/5. Let k be (8/5)/((-2)/(-5)). Let w(r) = 3 + 0 + r**3 - 2*r + r**2 + k*r. Give w(s).
-5
Suppose 0 = -3*c - 20 - 28. Let m be -3*(c/6)/4. Let v(q) = -q + q + m*q + 8 - q. What is v(-7)?
1
Let h be (-1 - 0)*-11*1. Suppose -5*d - 12*o - 27 = -9*o, -2*d + o = 13. Let l = h + d. Let z(m) = m**2 - 3*m - 4. Determine z(l).
6
Let v = 8 + -14. Let c(y) = 3*y**2 + 1. 